ose 4*l - 2*n = 13458, 23*n - 6723 = -2*l + 22*n. What is the thousands digit of l?
3
Let a(r) = 27*r**2 + 52*r + 62. What is the thousands digit of a(11)?
3
Let d(x) = 1417*x**2 - x - 1. What is the thousands digit of d(-1)?
1
Let z(m) = -2*m - 59. Let v be z(-27). Let h(w) be the second derivative of -w**5/20 - w**4/3 + 2*w**3/3 + w. What is the units digit of h(v)?
5
Suppose 587 + 177 = 2*a. Suppose 4*h + 2*b = 376, 4*h - 5*b + 4*b - a = 0. What is the units digit of h?
5
Let j = 886 + -420. What is the hundreds digit of j?
4
Suppose 0 = 8*j - 13*j + 395. Suppose -2*m - 2*v + j = -27, 2*v = -10. Let k = 103 - m. What is the units digit of k?
5
Let n = 34 + -26. Let o(g) = -g + 5. Let a be o(n). What is the units digit of (6/(-2))/(a/51)?
1
Let n(a) = 2*a**3 - 9*a**2 - 12*a + 4. Let z be n(9). Suppose -z = -6*m + 47. What is the units digit of m?
2
Let h be 1*-3*2/3. Let n = 118 + -19. What is the tens digit of h/4 + n/6?
1
Suppose 0 = -3*d - 12 - 48. Let j = d - -43. What is the tens digit of j?
2
Suppose 11020 = 9*n - 3533. What is the tens digit of n?
1
Let a = -20 + 19. What is the units digit of -1 + a - (14 + -24)?
8
Suppose -z + 6 = 2*z. Suppose 0 = 5*x - 10*x + 190. Suppose 6*t + x = y + z*t, -y + 41 = -5*t. What is the tens digit of y?
2
What is the hundreds digit of 12/((-6)/(-2)) - 5916/(-3)?
9
Let i(q) be the third derivative of 19*q**4/24 + q**3 - 12*q**2. What is the tens digit of i(4)?
8
Let c(o) = -o**3 + 30*o**2 - 14*o + 46. What is the hundreds digit of c(9)?
6
Suppose -d - 4*o - 5 = 0, 8*d - 5*o = 3*d + 25. What is the hundreds digit of 115 - d - 0/(-1)?
1
Suppose 0 = g - 2*g - 20. Let w = -19 - g. What is the tens digit of 4*w*14/4?
1
Let a = 5 + -12. Let x(u) = -u**2 - 9*u - 9. Let f be x(a). Suppose d - 18 = -f. What is the tens digit of d?
1
Let t = -77 - -79. Suppose w = 2*f + 15, 0 = -f - 2*f - 15. Suppose 4*m - 115 = -w*x + 52, 4*m - 202 = t*x. What is the units digit of m?
8
Let y(q) = q**3 - 12*q**2. Let s be y(12). Suppose s = -8*b + 5*b + 78. What is the units digit of b?
6
Suppose -2*q - 2*q - 57 = -5*w, 3*w + 2*q - 21 = 0. Suppose 0 = 11*g - w*g - 124. What is the units digit of g?
2
Suppose 20 = 4*g + g. Suppose 0 = g*l - l - 24. What is the units digit of l - ((-2 - 1) + 6)?
5
Let f(k) = 461*k**2 - 1. What is the tens digit of f(-1)?
6
Let z = -12 + 15. Suppose -4*j + 0*j + 5*p = 73, 5*p = -z*j - 11. Let l = -4 - j. What is the units digit of l?
8
Let b(c) = -8*c**2 - 2*c - 3. Let l be b(3). Let t = l - -123. What is the units digit of t?
2
Let w(a) = 15*a**2 + 9*a - 2. What is the tens digit of w(6)?
9
Let u(j) = 29*j - 22. What is the units digit of u(5)?
3
Suppose 2*r + r - 111 = 0. Suppose -m - r = -143. What is the tens digit of m?
0
Suppose 41*o - 2112 = 30*o. What is the hundreds digit of o?
1
Let y = -1196 + 1697. What is the hundreds digit of y?
5
Suppose 2*t - 24 = 40. Let d = t + -27. Suppose d*l = -2*l + 378. What is the units digit of l?
4
Let w(q) = -7*q - 9. Let z = 5 + -15. Let u be 9/(45/z) - 4. What is the tens digit of w(u)?
3
Suppose -5359 = -2*o - 25*m + 30*m, -5*m - 8046 = -3*o. What is the thousands digit of o?
2
Let h(v) = v**2 - 5*v - 4. Suppose 0 = 2*a + 39 - 15. Let m be h(a). What is the tens digit of (-3)/(-7) - m/(-7)?
2
Let g(f) = -20*f - 11. Let t be g(-7). Suppose 2*z + 55 = 3*s + 176, -5*s + t = 2*z. What is the units digit of z?
2
What is the units digit of 429 - ((-100)/(-24) + (-8)/48)?
5
Let w = -142 + 329. What is the hundreds digit of w?
1
Let l(s) = -s**2 + 2*s + 128. Let r = 44 - 44. What is the tens digit of l(r)?
2
Suppose -4*j = j. Let s = 2 + j. What is the tens digit of -4*s*23/(-8)?
2
Let v = 59 - 56. Suppose v*g = -6*g + 765. What is the units digit of g?
5
Let x = 15 - 16. What is the units digit of 3 + x/(3/(-189))?
6
Suppose r + 5*o = -13, 0*r + 4*o = 5*r - 51. Let v(q) = 5*q**2 + 2*q + 15. What is the tens digit of v(r)?
7
Suppose -f = -5*c + 1370, 3*c - 271 - 551 = 4*f. What is the units digit of c?
4
Let b be 5/(44/(-141) - 4/(-12)). Let s = -66 + b. What is the tens digit of s?
6
Let t be 6 + (-40)/7 + 1076/7. Suppose -3*f - 5*v + t = -101, 3*v = 0. What is the tens digit of f?
8
Let h be (4 - 9) + 4 - -2. Let d be h/(159/79 + -2). Let w = -29 + d. What is the tens digit of w?
5
Suppose -5*p + 2194 = 3*v, 0 = 2*p - 5*v + 23 - 882. What is the tens digit of p?
3
Suppose 2489 = 4*v + r, -2*v + 5*r - r + 1240 = 0. What is the hundreds digit of v?
6
Suppose -2*x = -x + 2*o + 53, -5*o = -4*x - 238. Let l = x - -95. What is the units digit of l?
8
Suppose 6*f = -71 - 31. Let u = 68 + f. What is the tens digit of u?
5
Let m(n) = 2*n**2 - 10*n + 9. What is the tens digit of m(13)?
1
Suppose 3*v + 3*h = h + 531, 4*h - 883 = -5*v. Suppose -u - 4*a = -v - 55, 4*u - 902 = a. What is the units digit of u?
6
Let o(j) = -j**2 + 3*j - 2. Let d be o(2). Let b(i) = 7*i + 21. Let c be b(-3). Suppose v + d*v - 27 = c. What is the units digit of v?
7
Let u(q) = 0 - 2*q**2 + 6*q**2 + 1. Suppose 5*h + t = 0, 4*t - 9 = -2*h + 9. What is the units digit of u(h)?
5
Suppose -3*r = 3*i - 1656, -3*r - 20 = 2*r. What is the units digit of i?
6
Let a = 5492 + -3251. What is the units digit of a?
1
Suppose -4*h + 36 = -a, -2*a - a = -12. Let s = h - -96. What is the tens digit of s?
0
Let y = 16 - -2. Suppose 7*z - 3*z + 20 = 0. Let i = y + z. What is the units digit of i?
3
Suppose -5*y + 32 = 4*n, -3*y = y + 2*n - 22. Suppose g + 3*r = 36, -2*g - 3*r + 2 + 64 = 0. Suppose -y*m + 166 - g = 0. What is the tens digit of m?
3
Let f be (-1)/3 - (-295)/3. Let y(c) = 7*c + 50. Let b be y(-6). Suppose b*x = 6*x + f. What is the units digit of x?
9
Suppose 3*d = 0, v - 3*d - 119 - 144 = 0. What is the hundreds digit of v?
2
Suppose 6*r = 3*j + 5*r - 122, -164 = -4*j + r. What is the tens digit of j?
4
What is the units digit of -11 + (-4)/((-16)/9236)?
8
Let m(y) be the first derivative of y**2/2 + 105*y - 3. What is the units digit of m(0)?
5
Let x be -1*(1 - 6 - -3). Suppose -5*c = -x*c. Suppose 2*o + 4*n - 70 = c, -o + n + 45 = o. What is the tens digit of o?
2
Let w = -77 + 79. Suppose w = -n + 18. What is the tens digit of n?
1
Let h be 9 + -8 + 0 + -3. Suppose 5 = w - 7. What is the units digit of -2 - h - w/(-4)?
3
Let c(o) = -185*o**3 - 8*o**2 - 3*o + 9. What is the hundreds digit of c(-2)?
4
Let r(w) = -w**3 - 16*w**2 + 17*w - 21. Let j be r(-17). Let h be 1 + -1 + 0 + 1. What is the units digit of 3 - (j - 2)*h?
6
Suppose 3*g = -w + 917, -3 = -w + 4*w. What is the tens digit of g?
0
Let i be (-15)/20 - (-1)/(-4) - -3. What is the tens digit of 10/(-4)*10/(-3 + i)?
2
Let g(q) = -14*q + 24. What is the units digit of g(-26)?
8
Suppose 2*c = n + 8047, -4*c = -n - 10387 - 5704. What is the thousands digit of c?
4
Let t(n) = -5*n + 41. Let g be t(8). What is the tens digit of (-2384)/(-14) + -4*g/14?
7
Suppose -4*h + m + 346 = 0, 3*h + h = -4*m + 356. Let x = -39 + h. What is the units digit of x?
8
Suppose -82*u = -69*u - 7358. What is the units digit of u?
6
Let v be (-6)/(-36) + (-58)/(-12). Suppose -v*n + 96 = -69. What is the units digit of n?
3
Suppose -82151 = -22*y - 10849. What is the tens digit of y?
4
Let v(s) = -2*s + 1 + 6*s - 3*s + 4*s**2. Let u be v(11). What is the units digit of (-2)/5 - u/(-40)?
2
Let o(h) = 8*h**2 + 45*h - 138. What is the thousands digit of o(-23)?
3
Suppose -4*l - 5 = 11, -g + 242 = -2*l. What is the units digit of g?
4
Let r(w) = -w**3 - 20*w**2 + 21*w + 1. Let f be r(-21). What is the units digit of 55 - (-12 - -9 - (f - 4))?
5
Let s(q) = q**2 - 2*q. Let n = -4 + 8. Let i be s(n). Suppose i = 2*j - 6. What is the units digit of j?
7
Suppose -4*q + 4 = -2*d, -4*d = 3*q + d - 29. Suppose 3*s = -3*k - 0*k - 21, -q*k + 4*s = -7. What is the units digit of 156/8 - k/6?
0
Suppose 5*k + 4*x = 93 - 18, 5*x = -25. Let w = -17 + k. Suppose -3*c - 4*o = -83, w*c - 5*o = 3*c - 24. What is the tens digit of c?
2
Suppose -12*v + 15078 = 2*v. What is the tens digit of v?
7
Let n(s) = 4*s**3 - 15*s**2 + 9*s. What is the units digit of n(6)?
8
Suppose 3*x - 77 = -2*h, -2*h + 0*h = 10. What is the tens digit of x?
2
What is the tens digit of (-14603)/(-119) + (-2)/(-7)?
2
What is the hundreds digit of 31626/90 + 2/(-5)?
3
Let q be 609 - (0 + (-6)/2). Suppose 2